**2 + 23*l + 16. Let b be w(26). Let s = -43 - b. Calculate the remainder when 47 is divided by s.
9
Suppose 6*r + 0*r = 1026. Let x = r - 101. Calculate the remainder when x is divided by 2 + 32/6*3.
16
Let t = 8 + 2. Suppose 2*u - 42 = 5*p + 46, 189 = 5*u + 3*p. What is the remainder when u is divided by t?
9
Let h be 221/17 + 7/(-1). Suppose k + 2*k - 24 = 0. Suppose -24 = -k*z + h*z. Calculate the remainder when 23 is divided by z.
11
Let i = -1217 + 1241. What is the remainder when 113 is divided by i?
17
Suppose 0 = 8*l + 7*l - 1065. What is the remainder when l is divided by 30?
11
Suppose 0 = 5*i - 4*y - 235, 0 = 5*i + 40*y - 37*y - 200. What is the remainder when i is divided by 12?
7
Let j(c) = -c**3 - 8*c**2 + c + 38. Calculate the remainder when 83 is divided by j(-8).
23
Let x(k) = 2*k**3 - 2*k**2. Let q(j) = 2*j + 22. Let g be q(-10). Let m = 2 - -28. Calculate the remainder when m is divided by x(g).
6
Suppose 5*o - 2*c - 428 = 0, -o - 2*c + c + 87 = 0. Suppose 0*b = -5*b + 110. Calculate the remainder when o is divided by b.
20
Let d(s) = s**2 + 13*s - 28. Let c be d(-15). Suppose 35 = 2*n - 5*p, 11 = n - p - c. Calculate the remainder when n is divided by 6.
4
Let m be (4/6)/(12/(-72)) - -348. Let c = m + -172. Calculate the remainder when c is divided by 29.
27
Let j = 41 + -34. Let q(g) = g**2 - 5*g + 3. Let w be q(5). Suppose w*c = -2*c + 130. Calculate the remainder when c is divided by j.
5
What is the remainder when 94 is divided by (-436)/(-18) - (-13)/((-468)/8)?
22
Suppose -67*t - 40 = -71*t. What is the remainder when 137 is divided by t?
7
Let d = -769 - -787. Calculate the remainder when 48 is divided by d.
12
Let o = 830 + -309. What is the remainder when o is divided by 6?
5
Suppose -144 - 24 = -14*o. Calculate the remainder when 25 is divided by o.
1
Suppose 4*n - 3*n - 479 = -3*s, 2*s - 315 = -5*n. What is the remainder when s is divided by 10?
0
Suppose 0 = -3*b + 10 + 38. Let q = -293 + 298. What is the remainder when b is divided by q?
1
Suppose 0 = 16*c - 13*c - 27. Suppose c*a - 5*a - 64 = 0. What is the remainder when 110 is divided by a?
14
Suppose -2*q - 27 = 7*q. Let c(r) = 7*r**2 - 2*r. What is the remainder when c(q) is divided by 12?
9
Suppose -3*i + 2*i + 21 = g, -4*g + 3*i + 70 = 0. Suppose -2*t - 4*h = -188, -4*t - 49*h = -52*h - 365. What is the remainder when t is divided by g?
16
Suppose -9 = -2*b + 7. Suppose b*t - 20 = 3*t. Suppose t*c = -2*o - o + 28, 3*o = 3*c + 42. Calculate the remainder when 35 is divided by o.
11
Let v = -28 + 68. Suppose -n - y + v = 0, n = -y - y + 41. Suppose 5*o = 181 + n. Calculate the remainder when o is divided by 15.
14
Let d = -16 + 25. What is the remainder when 185/15 - 3/d is divided by (-2)/4 + 30/4?
5
Let q(r) = r - 2. Let b be q(5). Suppose b*s = 5*f - 107, 2*f = 6*f + 2*s - 68. What is the remainder when 35 is divided by f?
16
Suppose 3*i = x + x - 740, 5*x + 2*i - 1850 = 0. Suppose -x = -5*q - 110. Calculate the remainder when q is divided by 14.
10
Let d = 658 + 177. What is the remainder when d is divided by 70?
65
Let o = 26 - 52. Let u = -24 - o. Suppose 149 = -4*n - u*i + 555, -n + 88 = 5*i. Calculate the remainder when n is divided by 26.
25
Calculate the remainder when 275 is divided by ((-3)/2 + 2)/(32/3648).
47
Suppose 0 = -5*m + 2*b - 271 + 888, -3*b = m - 120. What is the remainder when m is divided by 42?
39
Suppose -2*b = 5*l - 342, -3*b - 6*l = -5*l - 526. Calculate the remainder when b is divided by 71.
34
Let p(h) be the third derivative of -h**6/120 + 13*h**5/60 + 31*h**4/24 - 2*h**3/3 - 15*h**2. Calculate the remainder when 38 is divided by p(15).
5
Suppose -2*u = -61 + 5. Suppose -2*t + u = 2*t. Let k = -4 + t. What is the remainder when k is divided by 1?
0
Suppose 5*o + 95 = 5*t, -4*o = t + 27 - 41. What is the remainder when t is divided by 12?
6
Let m(n) = -2*n - 7. Let k be -1 + (-4 - -3)*-4. What is the remainder when (-15)/(-3) - (0 + (1 - k)) is divided by m(-5)?
1
Let d = 913 - 763. What is the remainder when d is divided by 27?
15
Let h(i) = i**3 + 9*i**2 + 17*i + 28. Let o(n) = 2*n**2 - 4*n - 5. What is the remainder when o(4) is divided by h(-7)?
4
Let j = -81 - -113. Let t = 66 - j. What is the remainder when t is divided by ((-12)/5)/(-2)*15?
16
Suppose 0 = 2*r - a - 184, a + 48 = 5*r - 409. Let u = 107 - r. Calculate the remainder when 59 is divided by u.
11
Let u(t) = -17*t + 59. Suppose 0 = 3*w + 5*o - 53 - 14, -6 = -3*o. What is the remainder when w is divided by u(3)?
3
Suppose 4*g + 5*y - 134 = 0, -4*g = -5*y - 153 - 1. Suppose -3 = -p + 10. What is the remainder when (-1 - -19)*(g/8 + -1) is divided by p?
11
Suppose 145 = 30*g - 785. Calculate the remainder when 57 is divided by g.
26
Suppose 37 + 38 = 3*o. Suppose o = -0*x + x. Calculate the remainder when x is divided by 13*(0 + 1 + 0).
12
Calculate the remainder when 83 is divided by (1 + 14)/((2 + -3)*-1).
8
Suppose 2*g + 26 = 5*p - p, -g + 22 = 5*p. Let m = g + 58. Suppose 4*x - 5*s = 132, -4*s + 40 = -4*x + 6*x. What is the remainder when m is divided by x?
27
Suppose a = 3*q - q - 17, -5*q + a = -35. Let p = 12 - q. Calculate the remainder when p is divided by 2.
0
Let t = -21 + -8. Let x = 31 + t. Suppose -2*p - 3*o = -p - 22, -x*o + 17 = p. What is the remainder when 26 is divided by p?
5
Suppose 0 = -5*w + 2*d - 5 + 32, -5*w = d - 39. What is the remainder when 279 is divided by w?
6
Suppose -4*x + 4*r - 3*r = -1214, -1522 = -5*x - r. What is the remainder when x is divided by 11?
7
Calculate the remainder when 52 is divided by (-6)/12 - (-174)/4.
9
Let i = 1116 + -542. Calculate the remainder when i is divided by 12.
10
Let d(g) = -5*g**3 - 2*g**2 - g. Let v be d(-2). Suppose -3*l + 4*h + 61 = 8, -2*l + v = -2*h. Calculate the remainder when 26 is divided by l.
11
Suppose -4*u + 2*i = 52, -2*u = -5*i + 6 + 4. What is the remainder when 19 is divided by 4/(-2) - (u - -2)?
8
Let z(j) = 6*j - 1. Let m = 74 - 57. Calculate the remainder when m is divided by z(1).
2
Suppose -294 = 28*o - 35*o. Calculate the remainder when o is divided by 9.
6
Let j = 204 - 177. Let g(s) = s**3 + 11*s**2 + s + 13. What is the remainder when g(-10) is divided by j?
22
Let f(u) = -u**3 - 14*u**2 - u - 10. Let x be f(-14). Suppose 4*n = -4*p + 232, -x*p - n + 99 + 133 = 0. Calculate the remainder when p is divided by 20.
18
Suppose i + 3*i - 112 = 0. What is the remainder when i is divided by 8 - -2 - (3 + -5)*-1?
4
Let i(r) = r**3 - 8*r**2 - 8*r - 3. Let d be i(9). Let h be 36/8*8/d. Suppose 7*n - 19 = h*n. Calculate the remainder when n is divided by 5.
4
Suppose -3*x + 4*j - 5 = 0, 0 = -5*x - 4*j - 22 + 3. What is the remainder when 63 is divided by (-11)/(-33) + x/((-27)/96)?
8
Let n = 13 - -7. Suppose 3*v - 1 = n. Calculate the remainder when 68 is divided by v.
5
Let i be (-48)/4*(0 + 2). Let j = i + 45. What is the remainder when (-2286)/(-42) + (-9)/j is divided by 11?
10
Let l = -9 - -21. Calculate the remainder when (18/6)/(2/l) is divided by 7.
4
Let u = 53 - 31. Let v = 13 - u. Let q = 0 - v. What is the remainder when 17 is divided by q?
8
Suppose 0 = 7*u - 6*u + 3, 4*u + 18 = x. Calculate the remainder when 30 is divided by x.
0
Calculate the remainder when 283 is divided by 0 - (-9)/3 - (-750)/50.
13
Let z be -1*((-4)/(-1))/(-2). Let a(j) = -3*j**2 + 2*j - 1. Let i be a(z). What is the remainder when 20 is divided by (-65)/i - 8/36?
6
Suppose 0 = -5*l - 0*l + 5. Let f be (0 - (3 + -6))/l. What is the remainder when 126 is divided by 32 + -4 + 12/f?
30
Let j be (150/(-7))/(-5)*7. Let d = j + -26. Suppose -d = -h + 7. What is the remainder when 43 is divided by h?
10
Suppose 0 = 3*w - 15, -w + 109 = 3*i + w. Calculate the remainder when 37 is divided by i.
4
Let t(l) = -3 - 26 + 17 + 12*l**2 - 10*l - l**3. Calculate the remainder when t(9) is divided by 24.
21
Let a(b) = -4*b**2 + 5*b - 5. Let r be a(2). Let v = 15 - r. Calculate the remainder when 50 is divided by v.
24
Suppose 0 = 4*y - x + 5*x - 204, x = 2*y - 108. What is the remainder when 366 is divided by y?
48
Suppose 4*f = -u + 23, -f = 2*u - 52 + 6. Suppose 6*w = 4*w. Suppose 4*c + w*c = 260. What is the remainder when c is divided by u?
19
What is the remainder when 188/6 - 2/6 is divided by (21/(-5